s divided by 41.
19
Calculate the remainder when 92 is divided by 11.
4
Calculate the remainder when 537 is divided by 251.
35
What is the remainder when 4257 is divided by 472?
9
What is the remainder when 516 is divided by 177?
162
What is the remainder when 328 is divided by 84?
76
Calculate the remainder when 70 is divided by 3.
1
Calculate the remainder when 1146 is divided by 37.
36
What is the remainder when 213 is divided by 34?
9
What is the remainder when 5997 is divided by 30?
27
What is the remainder when 455 is divided by 92?
87
What is the remainder when 611 is divided by 214?
183
What is the remainder when 187 is divided by 187?
0
Calculate the remainder when 1748 is divided by 17.
14
What is the remainder when 6864 is divided by 2288?
0
What is the remainder when 9051 is divided by 18?
15
What is the remainder when 678 is divided by 137?
130
Calculate the remainder when 298 is divided by 27.
1
What is the remainder when 160 is divided by 58?
44
What is the remainder when 547 is divided by 50?
47
Calculate the remainder when 263 is divided by 28.
11
Calculate the remainder when 955 is divided by 15.
10
Calculate the remainder when 55 is divided by 19.
17
Calculate the remainder when 88 is divided by 10.
8
Calculate the remainder when 115 is divided by 7.
3
Calculate the remainder when 2732 is divided by 44.
4
What is the remainder when 230 is divided by 24?
14
Calculate the remainder when 248 is divided by 83.
82
What is the remainder when 188 is divided by 8?
4
Calculate the remainder when 595 is divided by 46.
43
What is the remainder when 4696 is divided by 1547?
55
Calculate the remainder when 24 is divided by 7.
3
What is the remainder when 2000 is divided by 489?
44
Calculate the remainder when 1608 is divided by 161.
159
What is the remainder when 149 is divided by 22?
17
What is the remainder when 982 is divided by 327?
1
Calculate the remainder when 1772 is divided by 19.
5
Calculate the remainder when 715 is divided by 28.
15
What is the remainder when 700 is divided by 117?
115
What is the remainder when 98 is divided by 56?
42
Calculate the remainder when 353 is divided by 42.
17
What is the remainder when 3219 is divided by 248?
243
Calculate the remainder when 151 is divided by 14.
11
What is the remainder when 114 is divided by 13?
10
Calculate the remainder when 17008 is divided by 70.
68
Calculate the remainder when 1234 is divided by 65.
64
Calculate the remainder when 274 is divided by 25.
24
What is the remainder when 377 is divided by 105?
62
What is the remainder when 84 is divided by 48?
36
What is the remainder when 85 is divided by 83?
2
What is the remainder when 1262 is divided by 320?
302
What is the remainder when 3099 is divided by 515?
9
What is the remainder when 5933 is divided by 43?
42
What is the remainder when 25489 is divided by 10?
9
What is the remainder when 13428 is divided by 184?
180
What is the remainder when 11866 is divided by 69?
67
Calculate the remainder when 1334 is divided by 122.
114
What is the remainder when 2643 is divided by 14?
11
What is the remainder when 1788 is divided by 48?
12
What is the remainder when 1527 is divided by 18?
15
What is the remainder when 82 is divided by 23?
13
What is the remainder when 342 is divided by 8?
6
What is the remainder when 912 is divided by 33?
21
Calculate the remainder when 430 is divided by 140.
10
What is the remainder when 430 is divided by 4?
2
What is the remainder when 379 is divided by 96?
91
What is the remainder when 100 is divided by 28?
16
What is the remainder when 480 is divided by 21?
18
What is the remainder when 214 is divided by 27?
25
Calculate the remainder when 1650 is divided by 28.
26
What is the remainder when 31 is divided by 26?
5
Calculate the remainder when 66 is divided by 55.
11
Calculate the remainder when 298 is divided by 24.
10
What is the remainder when 997 is divided by 7?
3
What is the remainder when 112 is divided by 40?
32
Calculate the remainder when 219 is divided by 13.
11
What is the remainder when 117 is divided by 17?
15
Calculate the remainder when 1546 is divided by 11.
6
What is the remainder when 259 is divided by 26?
25
What is the remainder when 435 is divided by 22?
17
Calculate the remainder when 1460 is divided by 34.
32
What is the remainder when 7311 is divided by 20?
11
Calculate the remainder when 123 is divided by 18.
15
Calculate the remainder when 204 is divided by 31.
18
Calculate the remainder when 4536 is divided by 4521.
15
Calculate the remainder when 215 is divided by 43.
0
What is the remainder when 113 is divided by 29?
26
What is the remainder when 982 is divided by 58?
54
Calculate the remainder when 275 is divided by 61.
31
Calculate the remainder when 74 is divided by 12.
2
Calculate the remainder when 210 is divided by 69.
3
What is the remainder when 26909 is divided by 90?
89
What is the remainder when 112 is divided by 27?
4
What is the remainder when 678 is divided by 22?
18
What is the remainder when 22434 is divided by 142?
140
Calculate the remainder when 39 is divided by 22.
17
What is the remainder when 857 is divided by 17?
7
What is the remainder when 681 is divided by 57?
54
What is the remainder when 53 is divided by 7?
4
What is the remainder when 370 is divided by 12?
10
Calculate the remainder when 447 is divided by 56.
55
Calculate the remainder when 114 is divided by 40.
34
Calculate the remainder when 509 is divided by 11.
3
What is the remainder when 33 is divided by 12?
9
What is the remainder when 1717 is divided by 34?
17
What is the remainder when 1304 is divided by 75?
29
Calculate the remainder when 259 is divided by 142.
117
What is the remainder when 55 is divided by 28?
27
Calculate the remainder when 847 is divided by 209.
11
Calculate the remainder when 299 is divided by 75.
74
What is the remainder when 175 is divided by 72?
31
Calculate the remainder when 1374 is divided by 21.
9
Calculate the remainder when 2194 is divided by 22.
16
What is the remainder when 864 is divided by 87?
81
Calculate the remainder when 566 is divided by 173.
47
Calculate the remainder when 413 is divided by 131.
20
Calculate the remainder when 3737 is divided by 19.
13
What is the remainder when 778 is divided by 197?
187
Calculate the remainder when 558 is divided by 10.
8
Calculate the remainder when 12876 is divided by 46.
42
Calculate the remainder when 454 is divided by 1.
0
Calculate the remainder when 744 is divided by 28.
16
Calculate the remainder when 322 is divided by 81.
79
Calculate the remainder when 1653 is divided by 136.
21
What is the remainder when 225 is divided by 109?
7
Calculate the remainder when 371 is divided by 11.
8
Calculate the remainder when 608 is divided by 21.
20
Calculate the remainder when 727 is divided by 668.
59
Calculate the remainder when 338 is divided by 5.
3
Calculate the remainder when 64 is divided by 33.
31
Calculate the remainder when 394 is divided by 19.
14
Calculate the remainder when 430 is divided by 6.
4
What is the remainder when 6620 is divided by 6?
2
Calculate the remainder when 43 is divided by 24.
19
What is the remainder when 1875 is divided by 6?
3
Calculate the remainder when 11850 is divided by 304.
298
Calculate the remainder when 5794 is divided by 33.
19
What is the remainder when 261 is divided by 112?
37
What is the remainder when 10045 is divided by 193?
9
What is the remainder when 1536 is divided by 20?
16
Calculate the remainder when 1276 is divided by 250.
26
Calculate the remainder when 612 is divided by 14.
10
What is the remainder when 381 is divided by 24?
21
Calculate the remainder when 672 is divided by 45.
42
Calculate the remainder when 13 is divided by 3.
1
Calculate the remainder when 146 is divided by 9.
2
Calculate the remainder when 87 is divided by 4.
3
What is the remainder when 1239 is divided by 7?
0
Calculate the remainder when 346 is divided by 12.
10
Calculate the remainder when 142 is divided by 38.
28
Calculate the remainder when 70 is divided by 26.
18
What is the remainder when 184 is divided by 62?
60
What is the remainder when 1464 is divided by 16?
8
Calculate the remainder when 438 is divided by 9.
6
Calculate the remainder when 12814 is divided 